{"id":18,"date":"2014-11-11T11:06:25","date_gmt":"2014-11-11T13:06:25","guid":{"rendered":"http:\/\/themes.muffingroup.com\/be\/beauty\/?page_id=18"},"modified":"2024-04-16T13:40:56","modified_gmt":"2024-04-16T16:40:56","slug":"quem-somos","status":"publish","type":"page","link":"https:\/\/vitadermatologia.com.br\/?page_id=18","title":{"rendered":"Corpo Cl\u00ednico"},"content":{"rendered":"<div class=\"wpb-content-wrapper\"><p>[vc_row full_width=&#8221;stretch_row&#8221; bg_type=&#8221;bg_color&#8221; bg_color_value=&#8221;#ffffff&#8221; css=&#8221;.vc_custom_1619654421405{background-color: #ffffff !important;}&#8221;][vc_column custom_w=&#8221;&#8221;][vc_gallery interval=&#8221;3&#8243; images=&#8221;806,526,825,826,829,828,827&#8243; img_size=&#8221;full&#8221;][vc_column_text css=&#8221;.vc_custom_1618584105476{padding-top: 30px !important;}&#8221;]<\/p>\n<p style=\"text-align: center;\"><span style=\"font-size: 13pt; color: #000000;\">A Vita Cl\u00ednica de Dermatologia e Est\u00e9tica \u00e9 fruto do projeto pessoal e profissional da Dra. Roula Kozak. Passados 20 anos, os resultados colhidos em conjunto com clientes e parceiros, o sentimento \u00e9 de que os nossos objetivos est\u00e3o sendo alcan\u00e7ados, fato que nos motiva a continuar neste caminho, investindo continuamente no aprimoramento pessoal, da equipe, em novas forma\u00e7\u00f5es, t\u00e9cnicas e tecnologias de ponta da \u00e1rea dermatol\u00f3gica e de est\u00e9tica.<\/span><\/p>\n<p>[\/vc_column_text][vc_column_text css=&#8221;.vc_custom_1619654318039{padding-top: 30px !important;}&#8221;]<\/p>\n<h2 style=\"text-align: center;\"><span style=\"color: #000000;\"><strong>Nossos Valores:<\/strong><\/span><\/h2>\n<p>[\/vc_column_text][vc_row_inner][vc_column_inner width=&#8221;1\/3&#8243;][vc_column_text css=&#8221;.vc_custom_1619654279788{padding-top: 30px !important;}&#8221;]<\/p>\n<p style=\"text-align: center;\"><span style=\"font-size: 13pt; color: #000000;\"><b>\u2713<\/b> \u00c9tica no trabalho, harmonia e beleza a servi\u00e7o da vida;<\/span><\/p>\n<p>[\/vc_column_text][\/vc_column_inner][vc_column_inner width=&#8221;1\/3&#8243;][vc_column_text css=&#8221;.vc_custom_1619654288304{padding-top: 30px !important;}&#8221;]<\/p>\n<p style=\"text-align: center;\"><span style=\"font-size: 13pt; color: #000000;\"><b>\u2713<\/b> Ambiente confort\u00e1vel, seguro e acolhedor;<\/span><\/p>\n<p>[\/vc_column_text][\/vc_column_inner][vc_column_inner width=&#8221;1\/3&#8243;][vc_column_text css=&#8221;.vc_custom_1621625057169{padding-top: 30px !important;}&#8221;]<\/p>\n<p style=\"text-align: center;\"><span style=\"font-size: 13pt; color: #000000;\"><b>\u2713<\/b> Estrutura moderna e tratamentos cientificamente comprovados na \u00e1rea m\u00e9dica.<\/span><\/p>\n<p>[\/vc_column_text][\/vc_column_inner][\/vc_row_inner][\/vc_column][\/vc_row]<\/p>\n<\/div>","protected":false},"excerpt":{"rendered":"<p>[vc_row full_width=&#8221;stretch_row&#8221; bg_type=&#8221;bg_color&#8221; bg_color_value=&#8221;#ffffff&#8221; css=&#8221;.vc_custom_1619654421405{background-color: #ffffff !important;}&#8221;][vc_column custom_w=&#8221;&#8221;][vc_gallery interval=&#8221;3&#8243; images=&#8221;806,526,825,826,829,828,827&#8243; img_size=&#8221;full&#8221;][vc_column_text css=&#8221;.vc_custom_1618584105476{padding-top: 30px !important;}&#8221;] A Vita Cl\u00ednica de Dermatologia e Est\u00e9tica \u00e9 fruto do projeto pessoal<span class=\"excerpt-hellip\"> [\u2026]<\/span><\/p>\n","protected":false},"author":1,"featured_media":0,"parent":0,"menu_order":0,"comment_status":"closed","ping_status":"closed","template":"","meta":{"footnotes":""},"class_list":["post-18","page","type-page","status-publish","hentry"],"yoast_head":"<!-- This site is optimized with the Yoast SEO plugin v16.3 - https:\/\/yoast.com\/wordpress\/plugins\/seo\/ -->\n<title>Corpo Cl\u00ednico - Vita Cl\u00ednica<\/title>\n<meta name=\"robots\" content=\"index, follow, max-snippet:-1, max-image-preview:large, max-video-preview:-1\" \/>\n<link rel=\"canonical\" href=\"https:\/\/vitadermatologia.com.br\/?page_id=18\" \/>\n<meta property=\"og:locale\" content=\"pt_BR\" \/>\n<meta property=\"og:type\" content=\"article\" \/>\n<meta property=\"og:title\" content=\"Corpo Cl\u00ednico - Vita Cl\u00ednica\" \/>\n<meta property=\"og:description\" content=\"[vc_row full_width=&#8221;stretch_row&#8221; bg_type=&#8221;bg_color&#8221; bg_color_value=&#8221;#ffffff&#8221; css=&#8221;.vc_custom_1619654421405{background-color: #ffffff !important;}&#8221;][vc_column custom_w=&#8221;&#8221;][vc_gallery interval=&#8221;3&#8243; images=&#8221;806,526,825,826,829,828,827&#8243; img_size=&#8221;full&#8221;][vc_column_text css=&#8221;.vc_custom_1618584105476{padding-top: 30px !important;}&#8221;] A Vita Cl\u00ednica de Dermatologia e Est\u00e9tica \u00e9 fruto do projeto pessoal [\u2026]\" \/>\n<meta property=\"og:url\" content=\"https:\/\/vitadermatologia.com.br\/?page_id=18\" \/>\n<meta property=\"og:site_name\" content=\"Vita Cl\u00ednica\" \/>\n<meta property=\"article:modified_time\" content=\"2024-04-16T16:40:56+00:00\" \/>\n<meta name=\"twitter:card\" content=\"summary_large_image\" \/>\n<meta name=\"twitter:label1\" content=\"Est. tempo de leitura\">\n\t<meta name=\"twitter:data1\" content=\"3 minutos\">\n<script type=\"application\/ld+json\" class=\"yoast-schema-graph\">{\"@context\":\"https:\/\/schema.org\",\"@graph\":[{\"@type\":\"WebSite\",\"@id\":\"https:\/\/vitadermatologia.com.br\/#website\",\"url\":\"https:\/\/vitadermatologia.com.br\/\",\"name\":\"Vita Cl\\u00ednica\",\"description\":\"Dermatologia\",\"potentialAction\":[{\"@type\":\"SearchAction\",\"target\":\"https:\/\/vitadermatologia.com.br\/?s={search_term_string}\",\"query-input\":\"required name=search_term_string\"}],\"inLanguage\":\"pt-BR\"},{\"@type\":\"WebPage\",\"@id\":\"https:\/\/vitadermatologia.com.br\/?page_id=18#webpage\",\"url\":\"https:\/\/vitadermatologia.com.br\/?page_id=18\",\"name\":\"Corpo Cl\\u00ednico - Vita Cl\\u00ednica\",\"isPartOf\":{\"@id\":\"https:\/\/vitadermatologia.com.br\/#website\"},\"datePublished\":\"2014-11-11T13:06:25+00:00\",\"dateModified\":\"2024-04-16T16:40:56+00:00\",\"breadcrumb\":{\"@id\":\"https:\/\/vitadermatologia.com.br\/?page_id=18#breadcrumb\"},\"inLanguage\":\"pt-BR\",\"potentialAction\":[{\"@type\":\"ReadAction\",\"target\":[\"https:\/\/vitadermatologia.com.br\/?page_id=18\"]}]},{\"@type\":\"BreadcrumbList\",\"@id\":\"https:\/\/vitadermatologia.com.br\/?page_id=18#breadcrumb\",\"itemListElement\":[{\"@type\":\"ListItem\",\"position\":1,\"item\":{\"@type\":\"WebPage\",\"@id\":\"https:\/\/vitadermatologia.com.br\/\",\"url\":\"https:\/\/vitadermatologia.com.br\/\",\"name\":\"In\\u00edcio\"}},{\"@type\":\"ListItem\",\"position\":2,\"item\":{\"@id\":\"https:\/\/vitadermatologia.com.br\/?page_id=18#webpage\"}}]}]}<\/script>\n<!-- \/ Yoast SEO plugin. -->","_links":{"self":[{"href":"https:\/\/vitadermatologia.com.br\/index.php?rest_route=\/wp\/v2\/pages\/18"}],"collection":[{"href":"https:\/\/vitadermatologia.com.br\/index.php?rest_route=\/wp\/v2\/pages"}],"about":[{"href":"https:\/\/vitadermatologia.com.br\/index.php?rest_route=\/wp\/v2\/types\/page"}],"author":[{"embeddable":true,"href":"https:\/\/vitadermatologia.com.br\/index.php?rest_route=\/wp\/v2\/users\/1"}],"replies":[{"embeddable":true,"href":"https:\/\/vitadermatologia.com.br\/index.php?rest_route=%2Fwp%2Fv2%2Fcomments&post=18"}],"version-history":[{"count":49,"href":"https:\/\/vitadermatologia.com.br\/index.php?rest_route=\/wp\/v2\/pages\/18\/revisions"}],"predecessor-version":[{"id":1206,"href":"https:\/\/vitadermatologia.com.br\/index.php?rest_route=\/wp\/v2\/pages\/18\/revisions\/1206"}],"wp:attachment":[{"href":"https:\/\/vitadermatologia.com.br\/index.php?rest_route=%2Fwp%2Fv2%2Fmedia&parent=18"}],"curies":[{"name":"wp","href":"https:\/\/api.w.org\/{rel}","templated":true}]}}