{"id":843,"date":"2023-10-20T15:45:43","date_gmt":"2023-10-20T18:45:43","guid":{"rendered":"https:\/\/vitadermatologia.com.br?page_id=843"},"modified":"2023-10-30T15:37:47","modified_gmt":"2023-10-30T18:37:47","slug":"dermatologistas","status":"publish","type":"page","link":"https:\/\/vitadermatologia.com.br\/?page_id=843","title":{"rendered":"Dermatologistas"},"content":{"rendered":"<div class=\"wpb-content-wrapper\"><p>[vc_row full_width=&#8221;stretch_row&#8221; bg_type=&#8221;bg_color&#8221; bg_color_value=&#8221;#ffffff&#8221; css=&#8221;.vc_custom_1619654421405{background-color: #ffffff !important;}&#8221;][vc_column custom_w=&#8221;&#8221; css=&#8221;.vc_custom_1697829392668{padding-bottom: 50px !important;}&#8221;]<div id=\"ultimate-heading-694669fddbe891251\" class=\"uvc-heading ult-adjust-bottom-margin ultimate-heading-694669fddbe891251 uvc-6073 \" data-hspacer=\"no_spacer\"  data-halign=\"center\" style=\"text-align:center\"><div class=\"uvc-heading-spacer no_spacer\" style=\"top\"><\/div><div class=\"uvc-main-heading ult-responsive\"  data-ultimate-target='.uvc-heading.ultimate-heading-694669fddbe891251 h2'  data-responsive-json-new='{\"font-size\":\"desktop:32px;\",\"line-height\":\"\"}' ><h2 style=\"font-weight:bold;margin-top:40px;margin-bottom:40px;\">Conhe\u00e7a Nossa Equipe de Dermatologistas<\/h2><\/div><\/div>[\/vc_column][\/vc_row][vc_row full_width=&#8221;stretch_row_content&#8221; bg_type=&#8221;bg_color&#8221; css=&#8221;.vc_custom_1615649535106{padding-top: 30px !important;}&#8221; bg_color_value=&#8221;#ffffff&#8221;][vc_column css=&#8221;.vc_custom_1696896286148{padding-right: 100px !important;padding-left: 100px !important;background-color: #efefef !important;}&#8221;][vc_row_inner][vc_column_inner el_class=&#8221;cch&#8221; width=&#8221;1\/3&#8243;][vc_single_image image=&#8221;834&#8243; img_size=&#8221;300 x 300&#8243; alignment=&#8221;center&#8221;][vc_column_text css=&#8221;.vc_custom_1698692735823{margin-top: -30px !important;}&#8221;]<\/p>\n<h1 style=\"text-align: center;\">Dr\u00aa Roula Kozak<\/h1>\n<h4 style=\"text-align: center;\">Dermatologista<\/h4>\n<h6 style=\"text-align: center;\">CRM 8403 RQE 2480<\/h6>\n<p style=\"text-align: center;\">Medica pela University Of Aleppo (1989), com diploma revalidado pela Universidade de Brasilia.<br \/>\n\u00c9 especialista em cl\u00ednica m\u00e9dica e dermatologia pela Universidade de Brasilia e possui t\u00edtulo de especialista em dermatologia pela SBD.<br \/>\nMestre em nanotecnologia no tratamento de c\u00e2ncer de pele pela unb .<br \/>\nEspecializa\u00e7\u00e3o em psicologia com foco em ontopsicologia pela universidade de S\u00e3o Petersburgo.<br \/>\nAtualmente \u00e9 m\u00e9dica da Secretaria de Estado de Sa\u00fade P\u00fablica do Distrito Federal. preceptora no programa de resid\u00eancia medica em dermatologia HRAN desde 2005.<\/p>\n<p>[\/vc_column_text][\/vc_column_inner][vc_column_inner el_class=&#8221;cch&#8221; width=&#8221;1\/3&#8243;][vc_single_image image=&#8221;835&#8243; img_size=&#8221;300 x 300&#8243; alignment=&#8221;center&#8221;][vc_column_text css=&#8221;.vc_custom_1697740496962{margin-top: -30px !important;padding-right: 15px !important;padding-left: 15px !important;}&#8221;]<\/p>\n<h1 style=\"text-align: center;\">\u00a0Dr. F\u00e1bio Alves<\/h1>\n<h4 style=\"text-align: center;\">Dermatologista<\/h4>\n<h6 style=\"text-align: center;\">CRM 27301 RQE 21622<\/h6>\n<p style=\"text-align: center;\">M\u00e9dico formado pela Universidade Federal de Uberl\u00e2ndia, com especializa\u00e7\u00e3o em Dermatologia durante a Resid\u00eancia M\u00e9dica no Hospital Regional da Asa Norte (HRAN).<\/p>\n<p>[\/vc_column_text][\/vc_column_inner][vc_column_inner el_class=&#8221;cch&#8221; width=&#8221;1\/3&#8243;][vc_single_image image=&#8221;832&#8243; img_size=&#8221;300 x 300&#8243; alignment=&#8221;center&#8221;][vc_column_text css=&#8221;.vc_custom_1697740525987{margin-top: -30px !important;padding-right: 15px !important;padding-left: 15px !important;}&#8221;]<\/p>\n<h1 style=\"text-align: center;\">Dr.\u00aa Luma Martins<\/h1>\n<h4 style=\"text-align: center;\">Dermatologista<\/h4>\n<h6 style=\"text-align: center;\">\u00a0CRM-DF 24195 \/ RQE 20459<\/h6>\n<p style=\"text-align: center;\">M\u00e9dica Dermatologista formada pela Universidade de Bras\u00edlia, com experi\u00eancia internacional em Londres na Universidade Roehampton e resid\u00eancia em Dermatologia no Hospital Regional de Asa Norte (HRAN).<\/p>\n<p>[\/vc_column_text][\/vc_column_inner][\/vc_row_inner][vc_row_inner][vc_column_inner el_class=&#8221;cch&#8221; width=&#8221;1\/3&#8243;][vc_single_image image=&#8221;831&#8243; img_size=&#8221;300 x 300&#8243; alignment=&#8221;center&#8221;][vc_column_text css=&#8221;.vc_custom_1697740564414{margin-top: -30px !important;padding-right: 15px !important;padding-left: 15px !important;}&#8221;]<\/p>\n<h1 style=\"text-align: center;\">Dr\u00aa B\u00e1rbara Matsumoto<\/h1>\n<h4 style=\"text-align: center;\">Dermatologista<\/h4>\n<h6 style=\"text-align: center;\">CRM 26767 RQE 21617<\/h6>\n<p style=\"text-align: center;\">Dermatologista graduada pelo Hospital Regional da Asa Norte, Bras\u00edlia, M\u00e9dica formada pela Universidade Estadual de Maring\u00e1 e m\u00e9dica graduada em Ci\u00eancias Biom\u00e9dicas na Southern Illinois University.<\/p>\n<p>[\/vc_column_text][\/vc_column_inner][vc_column_inner width=&#8221;1\/3&#8243;][\/vc_column_inner][\/vc_row_inner][vc_empty_space][\/vc_column][\/vc_row]<\/p>\n<\/div>","protected":false},"excerpt":{"rendered":"<p>[vc_row full_width=&#8221;stretch_row&#8221; bg_type=&#8221;bg_color&#8221; bg_color_value=&#8221;#ffffff&#8221; css=&#8221;.vc_custom_1619654421405{background-color: #ffffff !important;}&#8221;][vc_column custom_w=&#8221;&#8221; css=&#8221;.vc_custom_1697829392668{padding-bottom: 50px !important;}&#8221;][\/vc_column][\/vc_row][vc_row full_width=&#8221;stretch_row_content&#8221; bg_type=&#8221;bg_color&#8221; css=&#8221;.vc_custom_1615649535106{padding-top: 30px !important;}&#8221; bg_color_value=&#8221;#ffffff&#8221;][vc_column css=&#8221;.vc_custom_1696896286148{padding-right: 100px !important;padding-left: 100px !important;background-color: #efefef !important;}&#8221;][vc_row_inner][vc_column_inner el_class=&#8221;cch&#8221; width=&#8221;1\/3&#8243;][vc_single_image<span class=\"excerpt-hellip\"> [\u2026]<\/span><\/p>\n","protected":false},"author":2,"featured_media":0,"parent":0,"menu_order":0,"comment_status":"closed","ping_status":"closed","template":"","meta":{"footnotes":""},"class_list":["post-843","page","type-page","status-publish","hentry"],"yoast_head":"<!-- This site is optimized with the Yoast SEO plugin v16.3 - https:\/\/yoast.com\/wordpress\/plugins\/seo\/ -->\n<title>Dermatologistas - Vita Cl\u00ednica<\/title>\n<meta name=\"robots\" content=\"index, follow, max-snippet:-1, max-image-preview:large, max-video-preview:-1\" \/>\n<link rel=\"canonical\" href=\"https:\/\/vitadermatologia.com.br\/?page_id=843\" \/>\n<meta property=\"og:locale\" content=\"pt_BR\" \/>\n<meta property=\"og:type\" content=\"article\" \/>\n<meta property=\"og:title\" content=\"Dermatologistas - Vita Cl\u00ednica\" \/>\n<meta property=\"og:description\" content=\"[vc_row full_width=&#8221;stretch_row&#8221; bg_type=&#8221;bg_color&#8221; bg_color_value=&#8221;#ffffff&#8221; css=&#8221;.vc_custom_1619654421405{background-color: #ffffff !important;}&#8221;][vc_column custom_w=&#8221;&#8221; css=&#8221;.vc_custom_1697829392668{padding-bottom: 50px !important;}&#8221;][\/vc_column][\/vc_row][vc_row full_width=&#8221;stretch_row_content&#8221; bg_type=&#8221;bg_color&#8221; css=&#8221;.vc_custom_1615649535106{padding-top: 30px !important;}&#8221; bg_color_value=&#8221;#ffffff&#8221;][vc_column css=&#8221;.vc_custom_1696896286148{padding-right: 100px !important;padding-left: 100px !important;background-color: #efefef !important;}&#8221;][vc_row_inner][vc_column_inner el_class=&#8221;cch&#8221; width=&#8221;1\/3&#8243;][vc_single_image [\u2026]\" \/>\n<meta property=\"og:url\" content=\"https:\/\/vitadermatologia.com.br\/?page_id=843\" \/>\n<meta property=\"og:site_name\" content=\"Vita Cl\u00ednica\" \/>\n<meta property=\"article:modified_time\" content=\"2023-10-30T18:37:47+00:00\" \/>\n<meta name=\"twitter:card\" content=\"summary_large_image\" \/>\n<meta name=\"twitter:label1\" content=\"Est. tempo de leitura\">\n\t<meta name=\"twitter:data1\" content=\"3 minutos\">\n<script type=\"application\/ld+json\" class=\"yoast-schema-graph\">{\"@context\":\"https:\/\/schema.org\",\"@graph\":[{\"@type\":\"WebSite\",\"@id\":\"https:\/\/vitadermatologia.com.br\/#website\",\"url\":\"https:\/\/vitadermatologia.com.br\/\",\"name\":\"Vita Cl\\u00ednica\",\"description\":\"Dermatologia\",\"potentialAction\":[{\"@type\":\"SearchAction\",\"target\":\"https:\/\/vitadermatologia.com.br\/?s={search_term_string}\",\"query-input\":\"required name=search_term_string\"}],\"inLanguage\":\"pt-BR\"},{\"@type\":\"WebPage\",\"@id\":\"https:\/\/vitadermatologia.com.br\/?page_id=843#webpage\",\"url\":\"https:\/\/vitadermatologia.com.br\/?page_id=843\",\"name\":\"Dermatologistas - Vita Cl\\u00ednica\",\"isPartOf\":{\"@id\":\"https:\/\/vitadermatologia.com.br\/#website\"},\"datePublished\":\"2023-10-20T18:45:43+00:00\",\"dateModified\":\"2023-10-30T18:37:47+00:00\",\"breadcrumb\":{\"@id\":\"https:\/\/vitadermatologia.com.br\/?page_id=843#breadcrumb\"},\"inLanguage\":\"pt-BR\",\"potentialAction\":[{\"@type\":\"ReadAction\",\"target\":[\"https:\/\/vitadermatologia.com.br\/?page_id=843\"]}]},{\"@type\":\"BreadcrumbList\",\"@id\":\"https:\/\/vitadermatologia.com.br\/?page_id=843#breadcrumb\",\"itemListElement\":[{\"@type\":\"ListItem\",\"position\":1,\"item\":{\"@type\":\"WebPage\",\"@id\":\"https:\/\/vitadermatologia.com.br\/\",\"url\":\"https:\/\/vitadermatologia.com.br\/\",\"name\":\"In\\u00edcio\"}},{\"@type\":\"ListItem\",\"position\":2,\"item\":{\"@id\":\"https:\/\/vitadermatologia.com.br\/?page_id=843#webpage\"}}]}]}<\/script>\n<!-- \/ Yoast SEO plugin. -->","_links":{"self":[{"href":"https:\/\/vitadermatologia.com.br\/index.php?rest_route=\/wp\/v2\/pages\/843"}],"collection":[{"href":"https:\/\/vitadermatologia.com.br\/index.php?rest_route=\/wp\/v2\/pages"}],"about":[{"href":"https:\/\/vitadermatologia.com.br\/index.php?rest_route=\/wp\/v2\/types\/page"}],"author":[{"embeddable":true,"href":"https:\/\/vitadermatologia.com.br\/index.php?rest_route=\/wp\/v2\/users\/2"}],"replies":[{"embeddable":true,"href":"https:\/\/vitadermatologia.com.br\/index.php?rest_route=%2Fwp%2Fv2%2Fcomments&post=843"}],"version-history":[{"count":5,"href":"https:\/\/vitadermatologia.com.br\/index.php?rest_route=\/wp\/v2\/pages\/843\/revisions"}],"predecessor-version":[{"id":858,"href":"https:\/\/vitadermatologia.com.br\/index.php?rest_route=\/wp\/v2\/pages\/843\/revisions\/858"}],"wp:attachment":[{"href":"https:\/\/vitadermatologia.com.br\/index.php?rest_route=%2Fwp%2Fv2%2Fmedia&parent=843"}],"curies":[{"name":"wp","href":"https:\/\/api.w.org\/{rel}","templated":true}]}}